{"id":23,"date":"2023-12-30T00:38:16","date_gmt":"2023-12-30T00:38:16","guid":{"rendered":"https:\/\/roma-laser.ch\/index.php\/product\/boule-de-noel-personnalisee\/"},"modified":"2026-01-29T16:48:20","modified_gmt":"2026-01-29T16:48:20","slug":"boule-de-noel-personnalisee","status":"publish","type":"product","link":"https:\/\/roma-laser.ch\/index.php\/product\/boule-de-noel-personnalisee\/","title":{"rendered":"Boule de No\u00ebl personnalis\u00e9e"},"content":{"rendered":"<p>&#8211; Livraison offerte &#8211;<br \/>Une d\u00e9coration durable con\u00e7ue par une entreprise locale, privil\u00e9giant l&#8217;utilisation de mat\u00e9riaux \u00e9cologiques.<\/p>\n<p>Offrez une touche d&#8217;exception \u00e0 votre d\u00e9coration de No\u00ebl avec des cr\u00e9ations personnalis\u00e9es, tout en ayant la possibilit\u00e9 de conserver ces pi\u00e8ces uniques pour les int\u00e9grer \u00e0 d&#8217;autres \u00e9v\u00e9nements \u00e0 venir.<\/p>\n","protected":false},"excerpt":{"rendered":"<p>&#8211; Livraison offerte &#8211;Une d\u00e9coration durable con\u00e7ue par une entreprise locale, privil\u00e9giant l&#8217;utilisation de mat\u00e9riaux \u00e9cologiques. Offrez une touche d&#8217;exception \u00e0 votre d\u00e9coration de No\u00ebl avec des cr\u00e9ations personnalis\u00e9es, tout en ayant la possibilit\u00e9 de conserver ces pi\u00e8ces uniques pour les int\u00e9grer \u00e0 d&#8217;autres \u00e9v\u00e9nements \u00e0 venir.<\/p>\n","protected":false},"featured_media":25,"comment_status":"open","ping_status":"closed","template":"","meta":{"inline_featured_image":false},"product_cat":[18],"product_tag":[],"_links":{"self":[{"href":"https:\/\/roma-laser.ch\/index.php\/wp-json\/wp\/v2\/product\/23"}],"collection":[{"href":"https:\/\/roma-laser.ch\/index.php\/wp-json\/wp\/v2\/product"}],"about":[{"href":"https:\/\/roma-laser.ch\/index.php\/wp-json\/wp\/v2\/types\/product"}],"replies":[{"embeddable":true,"href":"https:\/\/roma-laser.ch\/index.php\/wp-json\/wp\/v2\/comments?post=23"}],"wp:featuredmedia":[{"embeddable":true,"href":"https:\/\/roma-laser.ch\/index.php\/wp-json\/wp\/v2\/media\/25"}],"wp:attachment":[{"href":"https:\/\/roma-laser.ch\/index.php\/wp-json\/wp\/v2\/media?parent=23"}],"wp:term":[{"taxonomy":"product_cat","embeddable":true,"href":"https:\/\/roma-laser.ch\/index.php\/wp-json\/wp\/v2\/product_cat?post=23"},{"taxonomy":"product_tag","embeddable":true,"href":"https:\/\/roma-laser.ch\/index.php\/wp-json\/wp\/v2\/product_tag?post=23"}],"curies":[{"name":"wp","href":"https:\/\/api.w.org\/{rel}","templated":true}]}}